s the remainder when 7 is divided by v?
3
Suppose -18*g + 65 = -13*g. Calculate the remainder when 103 is divided by g.
12
What is the remainder when 4/(-14) + (-174)/(-21) is divided by 5?
3
Suppose -5*d + 5 + 0 = 0. What is the remainder when d/(-3) + (-140)/(-6) is divided by 13?
10
Suppose -16 + 2 = -2*i. Let p(d) be the first derivative of -2*d**2 - 4*d + 1. Calculate the remainder when p(-4) is divided by i.
5
Let b(n) = -4*n + 7. What is the remainder when b(-2) is divided by 5?
0
Let u(o) = o**2 + 5*o - 2. Let l be (15/(-6))/((-4)/8). Suppose 2*p = -2*v - 3*v + 9, l*v - p = 18. Calculate the remainder when u(v) is divided by 6.
4
Suppose -2*b + 12 = 2*g, 0 = -b - b + g + 3. What is the remainder when 17 is divided by b?
2
Let v be (6/5)/((-6)/(-200)). Let y = 64 - v. What is the remainder when y is divided by 13?
11
Suppose -105 = -4*n + 2*m + 191, 3*n + m - 227 = 0. Calculate the remainder when n is divided by 19.
18
Let i be 36*(1 + (-2)/6). Let c = -12 + i. What is the remainder when 21 is divided by c?
9
Let q(r) = -11*r + 1. Suppose 6 = -4*g - 2. Suppose 0 = -4*u + 7*u - 36. Calculate the remainder when q(g) is divided by u.
11
Let u = -7 - -12. Suppose h - u*x = -9, 3*x + 36 = h + 7*x. What is the remainder when 29 is divided by h?
13
Let c be (2/1 + -2)*1. Suppose -s + q = -31, s = -c*s + 4*q + 28. Calculate the remainder when s is divided by 11.
10
Suppose 0 = -o - o + 44. Suppose 0 = -4*a + 7*a + 9. Let w = o + a. What is the remainder when w is divided by 7?
5
Suppose -5*w + 4*y + 307 = 0, 4*w - y = y + 242. Calculate the remainder when w is divided by 20.
19
Suppose 0 = o - 7 - 26. Calculate the remainder when o is divided by 17.
16
Suppose 0 = 2*w + 9 - 33. Suppose -5*l = -3 - w. Suppose -41 = -l*a - 2. Calculate the remainder when 25 is divided by a.
12
Let u = -13 - -7. What is the remainder when 2*(-3 + (-27)/u) is divided by 2?
1
Let p(k) = 2*k - k**3 - 3*k**2 - 2*k**3 + 2*k**3 - 3 + k. Let b be p(-4). Let i(n) = 54*n - 1. Calculate the remainder when i(b) is divided by 18.
17
Let o(h) = -h**3 - 10*h**2 + h + 7. Let y be o(-10). Let l = y - -11. Calculate the remainder when 47 is divided by l.
7
Let v(f) = 2*f + 6. Let g be v(5). Let l = g - 22. Let r(a) = -a**3 - 6*a**2 + 7. What is the remainder when 11 is divided by r(l)?
4
Let a = -6 - -22. Suppose -3*o = -28 - 155. What is the remainder when o is divided by a?
13
Let a = 13 - -7. Calculate the remainder when 13*(-3)/(-1*1) is divided by a.
19
Let z(p) = -2*p + 5. Let s be 1*(-1)/(-1)*0. Suppose -3*r + 0*r + 18 = s. Calculate the remainder when z(-6) is divided by r.
5
Let p = 6 - 1. Suppose 0 = -p*o + 2*o - 30. Let c = o + 14. Calculate the remainder when 11 is divided by c.
3
Calculate the remainder when 2/(-6) - (-10)/30 - -157 is divided by 32.
29
Let t = 138 + -94. What is the remainder when 83 is divided by t?
39
Suppose a - 500 = -4*a. Suppose 2*o = -0*o - s + 36, 0 = 4*s - 16. Suppose -5*p + o = w - 5, 4*p = -4*w + a. Calculate the remainder when w is divided by 9.
8
Suppose 200 = 3*l + l. What is the remainder when l is divided by 9?
5
Suppose -2*d = 2*d - 4. Calculate the remainder when 2 is divided by d.
0
Let t = 13 + -11. What is the remainder when 7 is divided by t?
1
Suppose 2*l - 4*h + 8 = 0, -5*l + 13 = 4*h - 23. Suppose -4*d + 68 = 4*n, 46 = 2*d + 3*n - l*n. What is the remainder when 41 is divided by d?
20
What is the remainder when 140 is divided by (-2 + 1)/(-1) - (-48 + 1)?
44
Suppose 3*u - 392 = -u. Calculate the remainder when u is divided by 33.
32
Let g(s) = -14 + 5 - 4*s - 11*s**2 - s**3 + 0*s. What is the remainder when g(-11) is divided by 12?
11
Suppose -42 = -7*z + 4*z. Calculate the remainder when (-8)/(-6)*27/(-2)*-3 is divided by z.
12
Suppose -q - 2*q = -12. Let a(j) = -j + 3. Let i(m) = m - 2. Let c(u) = q*a(u) + 6*i(u). What is the remainder when 16 is divided by c(3)?
4
Let g be 33 + (3 - 2)*-3. Let m(f) = 12*f**3 - 2*f**2 + 2*f - 1. What is the remainder when (-24)/g + (-208)/(-10) is divided by m(1)?
9
Let p(r) = -12*r**3 + r**2 + r. Let h(m) = m**3 - 15*m**2 + 14*m - 1. Let l be h(14). Calculate the remainder when 33 is divided by p(l).
9
Let v(u) = -u**2 + 7*u + 2. What is the remainder when 5 is divided by v(7)?
1
Suppose -4*s = m + 2*m + 14, 4*m + 2*s + 2 = 0. Calculate the remainder when 7 is divided by m.
1
Suppose 0 = -0*m + 3*m + 3*h - 105, 0 = -3*h + 6. Calculate the remainder when 196 is divided by m.
31
Let a = 67 - 38. Calculate the remainder when a is divided by 10.
9
Let f = -38 - -54. Calculate the remainder when 44 is divided by f.
12
Let b = -30 - -117. Calculate the remainder when b is divided by 45.
42
Suppose -3*k = 5*f - 21, f - 18 = -5*k - 5. Suppose -f*z + 11 = -22. What is the remainder when 42 is divided by z?
9
Suppose 0 = 5*y - 10*y. Let j = y + 8. Let s = 34 - 19. What is the remainder when s is divided by j?
7
Suppose 2*p - 75 = 2*v + 91, -3*v = -p + 89. Calculate the remainder when p is divided by 21.
17
Let h = -24 + 47. Calculate the remainder when 750/11 + (-4)/22 is divided by h.
22
Let l(k) = 16*k - 1. Calculate the remainder when l(3) is divided by 16.
15
Let d(i) = 5*i + 1. Suppose 4*w - 5 = 5*v - w, 33 = 2*v + 5*w. Calculate the remainder when d(v) is divided by 12.
9
Suppose -2*b = -3*h - 6*b + 256, h - 5*b = 98. Suppose j + 3*j = h. Calculate the remainder when j is divided by 8.
6
Suppose 0 = 4*a - 2*a - 5*o - 368, -4*a + 2*o + 768 = 0. Calculate the remainder when a is divided by 15.
14
Suppose 2*l = 3*l - 15. Let q(p) = 2 - p**2 - p + p**3 + 0*p**3 + p**3. What is the remainder when q(3) is divided by l?
14
Suppose 4*b = -3*a + 68, -4*b + 47 + 5 = -a. Let x(y) = -y**3 + 3*y**2 + 1. Calculate the remainder when b is divided by x(2).
4
Suppose 2*i + 3*i = -5*h - 5, -4*h - 3*i = 0. What is the remainder when 9 is divided by h?
0
Suppose 7*u + 74 = 9*u. Calculate the remainder when u is divided by 10.
7
Let t(v) = -v**3 - 10*v**2 + 23*v + 9. Calculate the remainder when 103 is divided by t(-12).
19
Let w = 0 + -2. Calculate the remainder when (-3*(-4)/(-12) - -52) + 2 is divided by (1/w)/(1/(-36)).
17
Let j = 2 - 4. Let b be j/8 + 123/12. Let f = b - 6. Calculate the remainder when 10 is divided by f.
2
Let m = -4 - -2. What is the remainder when 21 is divided by 6/(((-1)/m)/1)?
9
Let y(k) = k**3 + 5*k**2 + 2*k - 2. Let w be y(-2). Let f = w + -4. Let z = 12 - 8. What is the remainder when z is divided by f?
0
Let d = 4 - -1. Suppose 25 = -d*u, 105 - 20 = 3*a - 2*u. Let n(m) = -m - 7. What is the remainder when a is divided by n(-20)?
12
Let x(q) = 5*q**2 - 3*q + 2. Calculate the remainder when 58 is divided by x(2).
10
Let d(n) = -22*n**3 + n**2 - 1. Calculate the remainder when 42 is divided by d(-1).
20
Suppose 0 = 5*t + 41 + 24. Let x = t + 26. Calculate the remainder when 62 is divided by x.
10
Let p be (-1)/(30/55) + (-2)/12. Let t be (-1)/((-1)/1)*-6. What is the remainder when 33/p*16/t is divided by 23?
21
Suppose 0 = -3*x + 23 - 11. Suppose -3*n - x*g = -151, 3*g - 94 = -2*n - g. What is the remainder when n is divided by 30?
27
Let i = -312 + 329. Let q = -1 - 1. Calculate the remainder when i is divided by -9*((-2)/(-2) + q).
8
Suppose v + 3*w - 13 = -0*v, 3*v = 5*w - 17. Let j(q) = -10*q. Let g be j(-1). Suppose -g = -2*a - 3*a. Calculate the remainder when a is divided by v.
0
What is the remainder when (5 - (-66)/(-12))/((-1)/24) is divided by 8?
4
Let o(s) = -8*s + 5. Let f be o(5). Let z = 56 + f. What is the remainder when z is divided by 8?
5
Let i = 137 - 71. Calculate the remainder when i is divided by 17.
15
Suppose -57 = -u + 5. Let k = -43 + u. Suppose x - 5 = 0, -3*x + 7*x - 41 = -3*r. What is the remainder when k is divided by r?
5
Let y = 189 + -183. Suppose 3*r + 14 = 5*k, 0 = -0*k - k + 4*r - 4. What is the remainder when y is divided by k?
2
Let t = 4 - 1. Suppose -167 = -5*a + 3*v, v + 4*v + 97 = t*a. Calculate the remainder when a is divided by 2/(-4) - 75/(-6).
10
Let p(q) = 2*q**3 - 3*q**2 + q - 1. What is the remainder when p(4) is divided by 21?
20
Suppose 0 = -0*k - k + 23. Calculate the remainder when 67 is divided by k.
21
Let u be ((-21)/(-14))/((-1)/20). Let o = u - -57. What is the remainder when o is divided by 14?
13
Let p(t) be the third d